ber?
True
Let m(y) = 6*y**2 + 55*y + 59. Is m(32) prime?
True
Let t be (-24)/(-60) + (42066/(-15) - 0). Is ((-18)/(-12)*t/(-3))/2 prime?
True
Suppose 26631 - 4166 = 5*t. Is t a composite number?
False
Let h(r) = 82*r - 11. Let d(l) = 2*l - 5. Let w be d(4). Is h(w) composite?
True
Let a(l) = l**2 - 4. Let o be a(2). Suppose 2*m + i - 41 = o, -3*m - 21 = -4*m - i. Suppose d - 561 = m. Is d composite?
True
Let f = 4 - -2. Let l be 3/f + 9/6. Let k(v) = 20*v**3 + 2*v - 1. Is k(l) a composite number?
False
Let h(l) = l**3 + 16*l**2 - 14*l + 17. Let q be h(-13). Suppose 4*x + x + 4*b - q = 0, -x + 146 = -4*b. Is x prime?
False
Let v be -4*(6/(-8) + 2). Suppose 5*n = 5*p - 225, -5*n - 3*p - 18 - 183 = 0. Let g = v - n. Is g a composite number?
False
Let t(q) = 91*q**3 + 2*q**2 - q + 3. Let m be -1 + 6 + ((-48)/(-2))/(-8). Is t(m) composite?
True
Let l = -67 - -61. Is (l - (-5 + -97)) + 1 + 0 a prime number?
True
Suppose -766 = -3*h - l, 8*h - 1286 = 3*h - 4*l. Suppose -5*d = n - 285, 3*d - n - h = -75. Is d a prime number?
False
Let j(z) = -86*z + 1 - 18 + 1 + 9. Is j(-3) a composite number?
False
Is (-12 + 13)*(3*132 + 1) a composite number?
False
Suppose 0 = -16*k + 29109 + 79339. Is k a composite number?
True
Let k = 9 - 23. Let c = k - 24. Let f = 59 - c. Is f prime?
True
Suppose 0 = 22*u - 647323 - 1404771. Is u a composite number?
True
Let c(j) = -j**3 - 5*j**2 - 4*j + 2. Let m be c(-4). Suppose -m*i + 65 = 4*a - 187, 0 = i + 5*a - 114. Suppose i = -q + 3*q. Is q prime?
True
Suppose a + 3*h - 8*h = 5599, -a = -3*h - 5603. Is a a composite number?
True
Is ((3 - 4) + 2)/((-2)/(-9502)) composite?
False
Suppose -4*l - 70 = 5*c - 0*l, 0 = 2*c - 3*l + 28. Let s be (-15 + 22)*12/c. Let f(y) = -8*y**3 - 5*y**2 + 9*y + 13. Is f(s) a prime number?
False
Let j(k) = -18*k - 3. Let q be j(3). Let h = -352 - q. Is h/(-20)*(-1 - -5) a prime number?
True
Let r(t) = 2*t**2 + t - 6. Let g = 30 + -10. Suppose -g = 6*s - 2*s. Is r(s) prime?
False
Suppose 5*u = -3*a + 18, 2 = -u + a + 4. Suppose -166 = -u*g + 5*x, 0*x + x - 115 = -2*g. Is g a prime number?
False
Suppose 7*q - 1585 = 466. Is q a composite number?
False
Let v = 68 + 51. Let y = v - 64. Is y a composite number?
True
Let z = 8215 + 138. Is z a composite number?
False
Suppose -2*s - 103 + 2197 = 4*r, -2*r = -5*s + 5199. Is s composite?
True
Let w(a) = -a**2 + 1. Let y(v) = v**3 + 9*v**2 + 2*v + 8. Let c(q) = 5*w(q) - y(q). Is c(-14) a prime number?
False
Let g = 921 + -1905. Let m = g + 2098. Is m a prime number?
False
Let p be (-162)/(-1) - (-10)/(140/42). Let c be (-9)/(-2)*(-2)/(-3). Suppose 0 = -c*o - p + 636. Is o prime?
True
Let c(f) be the first derivative of 8*f**4/3 - f**3/6 - 3*f**2/2 + 4*f - 4. Let x(h) be the first derivative of c(h). Is x(4) prime?
False
Suppose t = -0*t + 3. Suppose 294 = t*j - 0*j. Suppose -4*u - j + 330 = 0. Is u a prime number?
False
Suppose -12 = -a - 5. Is 2/(-6) - (2863/(-21) + a) composite?
True
Let q(h) = 628*h - 19. Is q(3) a prime number?
False
Suppose 5*d - 19530 = -5*g, 6*g = 2*g - 16. Suppose -5*q + 45 = -d. Is q a prime number?
False
Let s = 36 - 29. Suppose s - 53 = -j. Is j prime?
False
Let y(b) = 3*b**3 + b. Let j be y(3). Let v = 4 + -1. Let a = j + v. Is a a composite number?
True
Suppose 1852 = 14*z - 6730. Let n = -348 + z. Is n composite?
True
Let q = 6 + -4. Suppose g + q*x = 757, 0*g + 2287 = 3*g + 2*x. Suppose 233 = -4*j + g. Is j composite?
True
Suppose i - 4679 + 383 = -5*g, -5 = -g. Is i composite?
False
Let o be 0 + -4 + 120/(-6). Let k be 6/21 + 16/(-7). Is (-2)/k + (-3 - o) composite?
True
Let r be 1 + 0 + -3 - 165. Let n = -4 - r. Is n a composite number?
False
Let i = 130788 - 69821. Is i a prime number?
False
Suppose 4*d - 3731 = -5*l + 6*d, 5*d + 15 = 0. Is l composite?
True
Suppose 31133 = 5*r - 3*a, 26528 - 1600 = 4*r + 3*a. Is r a composite number?
False
Let n be (-24)/(-9) - (-8)/(-12). Suppose -13*z + 253 = -n*z. Is z composite?
False
Let w be -25 - -2*(-4)/8. Let u be 4 + w*(-3)/(-6). Is u/(-15) - (-2048)/20 composite?
False
Suppose -7*i + 1129 = -6*i. Let h = i - 588. Is h prime?
True
Let r(j) = -5*j**3 - 6*j**2 - 6*j + 7 + 0*j**2 - 6*j**3 + 12*j**3. Let x(v) = v**3 - 6*v**2 - 6*v + 7. Let t(w) = -5*r(w) + 6*x(w). Is t(7) prime?
False
Suppose -n - k = -261, -4*n + 3*k = -254 - 762. Is n + (-3 - -3 - 4) a prime number?
False
Let s = 3 + -5. Is (s - -3)*(341 - 2) a composite number?
True
Suppose 0 = 6*p - 2*p - 20. Suppose -p*f + f - 24 = 0. Is (-484)/6*f/4 prime?
False
Let x(s) = -3*s - 16. Let h be x(-7). Suppose h*z = 627 - 92. Let p = 38 + z. Is p a prime number?
False
Is 2*(100122/4 + 2/(-1)) prime?
False
Let v be 14/49 + (-24)/(-14). Suppose -1037 = -4*g - x - 272, v*g + x - 383 = 0. Is g a composite number?
False
Suppose -76848 = -4*f + 5*i, -20428 - 56404 = -4*f + i. Is f a composite number?
False
Let t = -34 - -271. Suppose -4*i = -i - t. Is i a prime number?
True
Suppose 2*d = 4*b + 2018, 5*b - 3*b = -d + 1009. Is d composite?
False
Let b(w) = w**3 + 6*w**2 - 6*w - 11. Let i be b(-5). Let n = 205 - i. Is n composite?
True
Suppose 5*y = -2*d + d + 126, -2*y = 2*d - 52. Suppose 0 = 5*s + y, -2*p + 4*s = -0*p - 22. Is (1 + 613)*p/2 a prime number?
True
Suppose -54*x + 32*x = -375298. Is x a composite number?
True
Suppose 3*r + 244 = 4*g, g - 5*r - 8 - 36 = 0. Let i = g + 81. Is i prime?
False
Suppose -15 = 2*g + 5*b, -3*b + 10 = g - 4*b. Suppose -4*u = -g*q - 600, -5*q = 3*u - u - 270. Is u a composite number?
True
Suppose t = -0 - 121. Let w(h) = 83*h - 1. Let b be w(-1). Let v = b - t. Is v a composite number?
False
Let u(y) = 39*y**2 + 16*y + 18. Is u(-3) a composite number?
True
Let a = -48 + 42. Is 3 + a/2 + 2 - -1413 prime?
False
Suppose -4*m - s = -6144, 5*s - 3*s - 3066 = -2*m. Suppose -5*k + m = 2*r, -491 - 1066 = -2*r - k. Is r a composite number?
True
Let s(o) = o + 6. Let p be s(4). Let d(a) = 39*a - 11. Is d(p) composite?
False
Let h = -267 - -609. Suppose -3*m + h = -357. Is m a prime number?
True
Suppose 0 = -w + s + 8, 2*w + 2*s = 5*s + 21. Let i be (-1 + w - -3) + -3. Suppose -i*y = -3*j + 2027, 5 = 2*y + 1. Is j composite?
False
Suppose -2*d - 4*d = 0. Suppose 2*x - 5*o - 2316 + 14 = d, x - 1177 = -4*o. Suppose -12 = -3*s, 2*s = -5*u + x + 382. Is u a composite number?
False
Suppose 4*z = 4*k - k + 19699, -z + k = -4926. Suppose a + 9815 = 2*j, z = 2*j - j + 4*a. Is j composite?
False
Suppose 4*p - 8 = 16. Let x(o) = -12*o**2 - 4*o + 9. Let c be x(p). Is (c/15)/((-4)/20) prime?
True
Let q = 1011 + -685. Let v be 215*(-3)/(0 + -3). Let f = q - v. Is f a prime number?
False
Let u = 2118 - 3144. Is (-8)/(-16) - u/4 composite?
False
Suppose -11*c = 18 - 73. Suppose 2*a - 10522 = p, -a - 3*a + c*p + 21044 = 0. Is a a prime number?
True
Let d(p) = 180*p - 47. Is d(30) prime?
False
Let h = 1439 + -614. Let x = 1438 - h. Suppose -d - x - 93 = -3*p, -479 = -2*p - d. Is p composite?
True
Let c be 3 + (0 - 1) + 0. Is (-15)/5 + 695 + c a composite number?
True
Suppose -131 + 2736 = 5*y. Is y a prime number?
True
Let r = 5682 - -4637. Is r a prime number?
False
Suppose -57056 = -5*p - 21021. Is p composite?
False
Let j(b) = 7*b**2 - 6*b - 14. Let k(t) = 4*t**2 + 2*t - 3. Let i be k(-2). Is j(i) prime?
True
Suppose -7*z + 4*z = -15. Suppose 0 = 4*v + z + 3. Is ((-220)/16)/(v/8) composite?
True
Suppose 3*u + 2*x = x + 42, u - 2*x - 21 = 0. Let k = 14 - u. Is (-131*k/(-1))/(-1) a composite number?
False
Let a(w) = -52*w**3 + 3*w**2 + 24*w - 6. Is a(-5) a composite number?
False
Suppose -2*h = -3*a + 22057, 7*a - 5*h - 22072 = 4*a. Is a a composite number?
False
Suppose -5*b + 31 = -2*g, -b - 21 = 6*g - 3*g. Let i be -1294*-4*1/g. Let f = -436 - i. Is f a prime number?
True
Let y(d) = 2*d**2 - 11*d + 22. Let f be (-2)/1 + 17 + -8. Is y(f) prime?
True
Suppose 0*u + 4*u = 0. Let z be 5 - (-4)/(-12)*u. Suppose 4*x + w = 353, 2*w = -z*x + 7*w + 460. Is x a prime number?
True
Suppose -5*o = -13*o + 2488. Suppose -3*r + o = 3*x - 832, 1516 = 4*x + 2*r. Is x prime?
False
Is -3 - (96/18)/(-8)*3351 composite?
True
Let k(y) be the second derivative of -9*y**5/20 + y**4/4 - y**3/3 - 5*y**2/2 - 20*y. Is k(-2) composite?
False
Let d(n) = -n**3 + 10*n**2 + 1. Let t be d(10). Let h be (-30)/18*(-4 + t). Suppose 278 = 3*w - 5*o + 19, -